r when 8811713 is divided by 108?
101
Calculate the remainder when 58206758 is divided by 81.
77
Calculate the remainder when 3177973 is divided by 38.
33
Calculate the remainder when 6372566 is divided by 637254.
26
What is the remainder when 146512 is divided by 1511?
1456
Calculate the remainder when 82228 is divided by 76.
72
What is the remainder when 729289 is divided by 504?
1
What is the remainder when 62200 is divided by 869?
501
Calculate the remainder when 123888 is divided by 12822.
8490
Calculate the remainder when 721931 is divided by 4484.
7
Calculate the remainder when 5890754 is divided by 206.
184
Calculate the remainder when 1509802 is divided by 23965.
7
Calculate the remainder when 794049 is divided by 41792.
1
What is the remainder when 17464106 is divided by 906?
50
Calculate the remainder when 335491 is divided by 1648.
947
What is the remainder when 2269973 is divided by 745?
703
What is the remainder when 81447 is divided by 27118?
93
Calculate the remainder when 9710759 is divided by 539.
135
Calculate the remainder when 98143 is divided by 578.
461
What is the remainder when 2375550 is divided by 2375221?
329
Calculate the remainder when 2871034 is divided by 53.
24
What is the remainder when 45677 is divided by 3244?
261
Calculate the remainder when 4701732 is divided by 575.
532
Calculate the remainder when 87711 is divided by 29225.
36
Calculate the remainder when 41439528 is divided by 8287900.
28
What is the remainder when 450072 is divided by 109?
11
What is the remainder when 79446 is divided by 1498?
52
Calculate the remainder when 19169783 is divided by 912846.
17
Calculate the remainder when 9961 is divided by 6086.
3875
What is the remainder when 568080 is divided by 94678?
12
Calculate the remainder when 2451485 is divided by 341.
36
Calculate the remainder when 459407 is divided by 153135.
2
Calculate the remainder when 907859 is divided by 3545.
339
What is the remainder when 32605 is divided by 1969?
1101
Calculate the remainder when 525641 is divided by 1586.
675
Calculate the remainder when 306868 is divided by 35.
23
Calculate the remainder when 11824066 is divided by 1917.
10
What is the remainder when 6817475 is divided by 745?
725
Calculate the remainder when 108573 is divided by 6386.
11
Calculate the remainder when 16874 is divided by 1965.
1154
What is the remainder when 40402438 is divided by 1170?
1168
Calculate the remainder when 4061517 is divided by 438.
381
Calculate the remainder when 16654974 is divided by 9217.
9072
What is the remainder when 872522 is divided by 4277?
14
What is the remainder when 2537998 is divided by 22655?
638
What is the remainder when 46628879 is divided by 1424?
1423
What is the remainder when 72791454 is divided by 229626?
12
Calculate the remainder when 1412768 is divided by 2572.
740
What is the remainder when 1790171 is divided by 2149?
54
What is the remainder when 101841 is divided by 74?
17
Calculate the remainder when 829225316 is divided by 269.
267
Calculate the remainder when 1110232 is divided by 222020.
132
What is the remainder when 36667885 is divided by 1007?
1001
Calculate the remainder when 96321893 is divided by 47496.
5
Calculate the remainder when 87988404 is divided by 1.
0
Calculate the remainder when 253891 is divided by 923.
66
What is the remainder when 12211 is divided by 405?
61
Calculate the remainder when 10710538 is divided by 10918.
10898
Calculate the remainder when 279344 is divided by 168.
128
What is the remainder when 268772 is divided by 504?
140
Calculate the remainder when 84101 is divided by 2401.
66
What is the remainder when 33343 is divided by 8236?
399
What is the remainder when 3678611 is divided by 17?
15
What is the remainder when 161303 is divided by 71?
62
Calculate the remainder when 99535 is divided by 49533.
469
Calculate the remainder when 4075412 is divided by 313.
152
What is the remainder when 4537936 is divided by 27502?
106
What is the remainder when 486020 is divided by 69404?
192
What is the remainder when 66936 is divided by 663?
636
What is the remainder when 23641194 is divided by 1791?
1785
Calculate the remainder when 6607641 is divided by 147.
138
Calculate the remainder when 15464236 is divided by 12.
4
Calculate the remainder when 49718251 is divided by 6769.
6715
Calculate the remainder when 382218 is divided by 1013.
317
What is the remainder when 282036 is divided by 3035?
2816
What is the remainder when 4432820 is divided by 63326?
0
Calculate the remainder when 1345253 is divided by 271.
9
Calculate the remainder when 109674 is divided by 109538.
136
What is the remainder when 1210624 is divided by 292?
284
Calculate the remainder when 3014632 is divided by 1896.
1888
Calculate the remainder when 2863589 is divided by 2931.
2
What is the remainder when 8437707 is divided by 18?
9
What is the remainder when 7443947 is divided by 148?
139
Calculate the remainder when 2510187 is divided by 111.
33
What is the remainder when 294090 is divided by 343?
139
Calculate the remainder when 64773 is divided by 7609.
3901
What is the remainder when 139469 is divided by 526?
79
Calculate the remainder when 292919 is divided by 259.
249
What is the remainder when 16244559 is divided by 10314?
9
Calculate the remainder when 417134840 is divided by 1764.
1760
Calculate the remainder when 543516 is divided by 3160.
3156
What is the remainder when 69002 is divided by 162?
152
Calculate the remainder when 2699243 is divided by 310.
73
Calculate the remainder when 958644 is divided by 239381.
1120
Calculate the remainder when 578364 is divided by 192007.
2343
What is the remainder when 375111 is divided by 48?
39
Calculate the remainder when 3276794 is divided by 1.
0
What is the remainder when 8391560 is divided by 303?
278
Calculate the remainder when 102326 is divided by 295.
256
Calculate the remainder when 86264899 is divided by 506.
501
Calculate the remainder when 378588 is divided by 125107.
3267
What is the remainder when 691670 is divided by 1028?
854
Calculate the remainder when 143396 is divided by 11011.
253
Calculate the remainder when 194469 is divided by 97227.
15
Calculate the remainder when 13099579 is divided by 25.
4
Calculate the remainder when 15860 is divided by 1286.
428
What is the remainder when 5053341 is divided by 1106?
27
Calculate the remainder when 24066568 is divided by 445677.
10
What is the remainder when 176233 is divided by 2937?
13
Calculate the remainder when 1438703 is divided by 189.
35
What is the remainder when 175772 is divided by 175732?
40
Calculate the remainder when 22184643 is divided by 11092310.
23
Calculate the remainder when 2699407 is divided by 145.
87
Calculate the remainder when 1127618 is divided by 7.
2
Calculate the remainder when 257290 is divided by 5965.
795
Calculate the remainder when 25142562 is divided by 11.
5
What is the remainder when 248358 is divided by 41371?
132
Calculate the remainder when 176601335 is divided by 56.
15
What is the remainder when 1119700 is divided by 1489?
1461
Calculate the remainder when 380011 is divided by 158.
21
What is the remainder when 5757368 is divided by 221437?
6
What is the remainder when 155512150 is divided by 1278?
1276
What is the remainder when 340103 is divided by 266?
155
What is the remainder when 707008 is divided by 234694?
2926
What is the remainder when 33146895 is divided by 5450?
5445
What is the remainder when 112592 is divided by 64?
16
What is the remainder when 5930572 is divided by 59?
10
Calculate the remainder when 1016757 is divided by 67781.
42
Calculate the remainder when 229235 is divided by 45729.
590
Calculate the remainder when 18312984 is divided by 590741.
13
Calculate the remainder when 4305667 is divided by 303.
37
Calculate the remainder when 49757701 is divided by 417.
10
What is the remainder when 822747 is divided by 4452?
3579
Calculate the remainder when 271544251 is divided by 90514740.
31
Calculate the remainder when 349713 is divided by 11904.
4497
Calculate the remainder when 474639 is divided by 1855.
1614
Calculate the remainder when 170331 is divided by 391.
246
What is the remainder when 16020 is divided by 5112?
684
What is the remainder when 14220305 